{"id":1229,"date":"2022-11-04T10:04:10","date_gmt":"2022-11-04T09:04:10","guid":{"rendered":"https:\/\/villa-landreau.fr\/cycling-and-walking-paths\/"},"modified":"2022-12-22T15:42:06","modified_gmt":"2022-12-22T14:42:06","slug":"cycling-and-walking-paths","status":"publish","type":"page","link":"https:\/\/villa-landreau.fr\/en\/cycling-and-walking-paths\/","title":{"rendered":"CYCLING AND WALKING PATHS"},"content":{"rendered":"\n<h1 class=\"wp-block-heading\">CYCLING AND WALKING PATHS<\/h1>\n\n<div class=\"wp-block-columns is-layout-flex wp-container-core-columns-is-layout-28f84493 wp-block-columns-is-layout-flex\">\n<div class=\"wp-block-column is-layout-flow wp-block-column-is-layout-flow\">\n<p>The hundreds of kilometers of<strong> bicycle paths in the Vend\u00e9e<\/strong> are a real invitation to travel. It is necessary to know that the Vend\u00e9e has welcomed 6 great departures of the Tour de France since the creation of this last one, it is to say to you with which point the possibilities are numerous on 2 wheels.<br\/>First of all, the coastal itinerary which favors family outings with <strong>flatter<\/strong> and always safe <strong>paths<\/strong> that will take you through a wide variety of landscapes where preserved fauna and flora thrive and where picnic areas are set up for your gourmet or meditative stops.<\/p>\n\n\n\n<p>Then the Marais Poitevin welcomes you from Aiguillon sur Mer to Maillezais, on nearly 90 kilometers of enchanting trails through mudflats, polders, fields and canals. You will discover these landscapes shaped by the monks centuries ago from Aiguillon sur Mer to Chaill\u00e9 les Marais.<\/p>\n<\/div>\n\n\n\n<div class=\"wp-block-column is-layout-flow wp-block-column-is-layout-flow\">\n<p>In the circuit from the bocage to the coast you will discover the link between nature and culture on undulating paths dotted with castles, churches and dwellings. You will cross the sites of the Historial and the Memorial of the Vend\u00e9e, but also some vestiges like those of the castle of Palluau or the unusual city of character that is Appremont.<\/p>\n\n\n\n<p>Finally, the high and low bocage of the Vend\u00e9e will amaze you with their landscapes full of history such as the Logis de la Chabotterie, the Manoir des Sciences de R\u00e9aumur, the Ch\u00e2teau de Tiffauges or the Refuge de Grasla but also the picturesque rivers of the Lay and the Yon with their wash houses and fountains and all the manors, mills and churches.  <\/p>\n\n\n\n<p><strong>Cycling in the Vend\u00e9e<\/strong> is a<strong>guarantee of sublime and varied landscapes <\/strong>and a dive into history that you will not forget.<\/p>\n<\/div>\n<\/div>\n<div class=\"wp-block-sev-diaporama alignfull\">\t\t\t<div id=\"sevgallery-1495674635\" class=\"sev-diaporama sev-diaporama-portfolio\">\r\n\t\t\t<div class=\"row\">\r\n\r\n\t\t\t\r\n\t\t\t\t\r\n\t\t\t\t<div class=\"sev-diaporama-portfolio-item col-12 col-sm \">\r\n\t\t\t\t\t\t\t\t\t\t<a href=\"https:\/\/villa-landreau.fr\/wp-content\/uploads\/2022\/11\/Saint-Jean-de-Monts-8967_792x528.jpg\" data-lightbox=\"sevgallery-1495674635\" style=\"background-image: url(https:\/\/villa-landreau.fr\/wp-content\/uploads\/2022\/11\/Saint-Jean-de-Monts-8967_792x528.jpg)\">\r\n\t\t\t\t\t\t\t\t\t\t\t<img decoding=\"async\" src=\"https:\/\/villa-landreau.fr\/wp-content\/uploads\/2022\/11\/Saint-Jean-de-Monts-8967_792x528.jpg\" alt=\"balade sur la plage de saint jean de monts\" loading=\"lazy\">\r\n\t\t\t\t\t\t\t\t\t\t<\/a>\r\n\t\t\t\t\t\t\t\t\t<\/div>\r\n\r\n\t\t\t\t\r\n\t\t\t\t\t\t\t\t\t\t\t\r\n\t\t\t\t\r\n\t\t\t\t<div class=\"sev-diaporama-portfolio-item col-12 col-sm  col-shrink\">\r\n\t\t\t\t\t\t\t\t\t\t<a href=\"https:\/\/villa-landreau.fr\/wp-content\/uploads\/2022\/11\/La_Faute_sur_Mer_velo5_576x384.jpg\" data-lightbox=\"sevgallery-1495674635\" style=\"background-image: url(https:\/\/villa-landreau.fr\/wp-content\/uploads\/2022\/11\/La_Faute_sur_Mer_velo5_576x384.jpg)\">\r\n\t\t\t\t\t\t\t\t\t\t\t<img decoding=\"async\" src=\"https:\/\/villa-landreau.fr\/wp-content\/uploads\/2022\/11\/La_Faute_sur_Mer_velo5_576x384.jpg\" alt=\"balade \u00e0 v\u00e9lo en Vend\u00e9e\" loading=\"lazy\">\r\n\t\t\t\t\t\t\t\t\t\t<\/a>\r\n\t\t\t\t\t\t\t\t\t<\/div>\r\n\r\n\t\t\t\t\r\n\t\t\t\t\t\t\t\t\t\t\t\r\n\t\t\t\t\r\n\t\t\t\t<div class=\"sev-diaporama-portfolio-item col-12 col-sm  col-shrink\">\r\n\t\t\t\t\t\t\t\t\t\t<a href=\"https:\/\/villa-landreau.fr\/wp-content\/uploads\/2022\/11\/La_Faute_sur_Mer_velo20_576x384.jpg\" data-lightbox=\"sevgallery-1495674635\" style=\"background-image: url(https:\/\/villa-landreau.fr\/wp-content\/uploads\/2022\/11\/La_Faute_sur_Mer_velo20_576x384.jpg)\">\r\n\t\t\t\t\t\t\t\t\t\t\t<img decoding=\"async\" src=\"https:\/\/villa-landreau.fr\/wp-content\/uploads\/2022\/11\/La_Faute_sur_Mer_velo20_576x384.jpg\" alt=\"balade a v\u00e9lo en vend\u00e9e\" loading=\"lazy\">\r\n\t\t\t\t\t\t\t\t\t\t<\/a>\r\n\t\t\t\t\t\t\t\t\t<\/div>\r\n\r\n\t\t\t\t\t\t\t\t\t<div class=\"w-100\"><\/div>\r\n\t\t\t\t\t\t\t\t\t\r\n\t\t\t\t\t\t\t\t\t\t\t\r\n\t\t\t\t\r\n\t\t\t\t<div class=\"sev-diaporama-portfolio-item col-12 col-sm  col-shrink\">\r\n\t\t\t\t\t\t\t\t\t\t<a href=\"https:\/\/villa-landreau.fr\/wp-content\/uploads\/2022\/11\/La_Faute_sur_Mer_velo66_792x528.jpg\" data-lightbox=\"sevgallery-1495674635\" style=\"background-image: url(https:\/\/villa-landreau.fr\/wp-content\/uploads\/2022\/11\/La_Faute_sur_Mer_velo66_792x528.jpg)\">\r\n\t\t\t\t\t\t\t\t\t\t\t<img decoding=\"async\" src=\"https:\/\/villa-landreau.fr\/wp-content\/uploads\/2022\/11\/La_Faute_sur_Mer_velo66_792x528.jpg\" alt=\"balade sur les pistes cyclables de Vend\u00e9e\" loading=\"lazy\">\r\n\t\t\t\t\t\t\t\t\t\t<\/a>\r\n\t\t\t\t\t\t\t\t\t<\/div>\r\n\r\n\t\t\t\t\r\n\t\t\t\t\t\t\t\t\t\t\t\r\n\t\t\t\t\r\n\t\t\t\t<div class=\"sev-diaporama-portfolio-item col-12 col-sm \">\r\n\t\t\t\t\t\t\t\t\t\t<a href=\"https:\/\/villa-landreau.fr\/wp-content\/uploads\/2022\/11\/randonneemaraisIledOlonne3_792x528.jpg\" data-lightbox=\"sevgallery-1495674635\" style=\"background-image: url(https:\/\/villa-landreau.fr\/wp-content\/uploads\/2022\/11\/randonneemaraisIledOlonne3_792x528.jpg)\">\r\n\t\t\t\t\t\t\t\t\t\t\t<img decoding=\"async\" src=\"https:\/\/villa-landreau.fr\/wp-content\/uploads\/2022\/11\/randonneemaraisIledOlonne3_792x528.jpg\" alt=\"randonn\u00e9e au bord de l&#039;oc\u00e9an\" loading=\"lazy\">\r\n\t\t\t\t\t\t\t\t\t\t<\/a>\r\n\t\t\t\t\t\t\t\t\t<\/div>\r\n\r\n\t\t\t\t\r\n\t\t\t\t\t\t\t\t\t\t\t\r\n\t\t\t\t\r\n\t\t\t\t<div class=\"sev-diaporama-portfolio-item col-12 col-sm  col-shrink\">\r\n\t\t\t\t\t\t\t\t\t\t<a href=\"https:\/\/villa-landreau.fr\/wp-content\/uploads\/2022\/11\/la_faute_sur_mer_promenade-2_792x528.jpg\" data-lightbox=\"sevgallery-1495674635\" style=\"background-image: url(https:\/\/villa-landreau.fr\/wp-content\/uploads\/2022\/11\/la_faute_sur_mer_promenade-2_792x528.jpg)\">\r\n\t\t\t\t\t\t\t\t\t\t\t<img decoding=\"async\" src=\"https:\/\/villa-landreau.fr\/wp-content\/uploads\/2022\/11\/la_faute_sur_mer_promenade-2_792x528.jpg\" alt=\"randonn\u00e9e au bord de l&#039;oc\u00e9an pr\u00e8s du camping\" loading=\"lazy\">\r\n\t\t\t\t\t\t\t\t\t\t<\/a>\r\n\t\t\t\t\t\t\t\t\t<\/div>\r\n\r\n\t\t\t\t\t\t\t\t\t<div class=\"w-100\"><\/div>\r\n\t\t\t\t\t\t\t\t\t\r\n\t\t\t\t\t\t\t\t\t\t\t\t\t\t<\/div>\r\n\t\t\t<\/div>\r\n\t\t\t<\/div>","protected":false},"excerpt":{"rendered":"<p>CYCLING AND WALKING PATHS The hundreds of kilometers of bicycle paths in the Vend\u00e9e are a real invitation to travel. It is necessary to know that the Vend\u00e9e has welcomed 6 great departures of the Tour de France since the creation of this last one, it is to say to you with which point the [&hellip;]<\/p>\n","protected":false},"author":1,"featured_media":0,"parent":0,"menu_order":0,"comment_status":"closed","ping_status":"closed","template":"","meta":{"_seopress_robots_primary_cat":"","_seopress_titles_title":"Cycling and hiking trails near the campsite in Vend\u00e9e","_seopress_titles_desc":"the 3 star Villa Landreau campsite is close to the cycling and hiking trails of the department","_seopress_robots_index":"","footnotes":""},"class_list":["post-1229","page","type-page","status-publish","hentry"],"_links":{"self":[{"href":"https:\/\/villa-landreau.fr\/en\/wp-json\/wp\/v2\/pages\/1229","targetHints":{"allow":["GET"]}}],"collection":[{"href":"https:\/\/villa-landreau.fr\/en\/wp-json\/wp\/v2\/pages"}],"about":[{"href":"https:\/\/villa-landreau.fr\/en\/wp-json\/wp\/v2\/types\/page"}],"author":[{"embeddable":true,"href":"https:\/\/villa-landreau.fr\/en\/wp-json\/wp\/v2\/users\/1"}],"replies":[{"embeddable":true,"href":"https:\/\/villa-landreau.fr\/en\/wp-json\/wp\/v2\/comments?post=1229"}],"version-history":[{"count":1,"href":"https:\/\/villa-landreau.fr\/en\/wp-json\/wp\/v2\/pages\/1229\/revisions"}],"predecessor-version":[{"id":1238,"href":"https:\/\/villa-landreau.fr\/en\/wp-json\/wp\/v2\/pages\/1229\/revisions\/1238"}],"wp:attachment":[{"href":"https:\/\/villa-landreau.fr\/en\/wp-json\/wp\/v2\/media?parent=1229"}],"curies":[{"name":"wp","href":"https:\/\/api.w.org\/{rel}","templated":true}]}}

<h1 class="wp-block-heading">CYCLING AND WALKING PATHS</h1>

<div class="wp-block-columns is-layout-flex wp-container-core-columns-is-layout-28f84493 wp-block-columns-is-layout-flex">
<div class="wp-block-column is-layout-flow wp-block-column-is-layout-flow">
<p>The hundreds of kilometers of<strong> bicycle paths in the Vendée</strong> are a real invitation to travel. It is necessary to know that the Vendée has welcomed 6 great departures of the Tour de France since the creation of this last one, it is to say to you with which point the possibilities are numerous on 2 wheels.<br/>First of all, the coastal itinerary which favors family outings with <strong>flatter</strong> and always safe <strong>paths</strong> that will take you through a wide variety of landscapes where preserved fauna and flora thrive and where picnic areas are set up for your gourmet or meditative stops.</p>



<p>Then the Marais Poitevin welcomes you from Aiguillon sur Mer to Maillezais, on nearly 90 kilometers of enchanting trails through mudflats, polders, fields and canals. You will discover these landscapes shaped by the monks centuries ago from Aiguillon sur Mer to Chaillé les Marais.</p>
</div>



<div class="wp-block-column is-layout-flow wp-block-column-is-layout-flow">
<p>In the circuit from the bocage to the coast you will discover the link between nature and culture on undulating paths dotted with castles, churches and dwellings. You will cross the sites of the Historial and the Memorial of the Vendée, but also some vestiges like those of the castle of Palluau or the unusual city of character that is Appremont.</p>



<p>Finally, the high and low bocage of the Vendée will amaze you with their landscapes full of history such as the Logis de la Chabotterie, the Manoir des Sciences de Réaumur, the Château de Tiffauges or the Refuge de Grasla but also the picturesque rivers of the Lay and the Yon with their wash houses and fountains and all the manors, mills and churches.  </p>



<p><strong>Cycling in the Vendée</strong> is a<strong>guarantee of sublime and varied landscapes </strong>and a dive into history that you will not forget.</p>
</div>
</div>
<div class="wp-block-sev-diaporama alignfull">			<div id="sevgallery-1495674635" class="sev-diaporama sev-diaporama-portfolio">
			<div class="row">

			
				
				<div class="sev-diaporama-portfolio-item col-12 col-sm ">
										<a href="https://villa-landreau.fr/wp-content/uploads/2022/11/Saint-Jean-de-Monts-8967_792x528.jpg" data-lightbox="sevgallery-1495674635" style="background-image: url(https://villa-landreau.fr/wp-content/uploads/2022/11/Saint-Jean-de-Monts-8967_792x528.jpg)">
											<img decoding="async" src="https://villa-landreau.fr/wp-content/uploads/2022/11/Saint-Jean-de-Monts-8967_792x528.jpg" alt="balade sur la plage de saint jean de monts" loading="lazy">
										</a>
									</div>

				
											
				
				<div class="sev-diaporama-portfolio-item col-12 col-sm  col-shrink">
										<a href="https://villa-landreau.fr/wp-content/uploads/2022/11/La_Faute_sur_Mer_velo5_576x384.jpg" data-lightbox="sevgallery-1495674635" style="background-image: url(https://villa-landreau.fr/wp-content/uploads/2022/11/La_Faute_sur_Mer_velo5_576x384.jpg)">
											<img decoding="async" src="https://villa-landreau.fr/wp-content/uploads/2022/11/La_Faute_sur_Mer_velo5_576x384.jpg" alt="balade à vélo en Vendée" loading="lazy">
										</a>
									</div>

				
											
				
				<div class="sev-diaporama-portfolio-item col-12 col-sm  col-shrink">
										<a href="https://villa-landreau.fr/wp-content/uploads/2022/11/La_Faute_sur_Mer_velo20_576x384.jpg" data-lightbox="sevgallery-1495674635" style="background-image: url(https://villa-landreau.fr/wp-content/uploads/2022/11/La_Faute_sur_Mer_velo20_576x384.jpg)">
											<img decoding="async" src="https://villa-landreau.fr/wp-content/uploads/2022/11/La_Faute_sur_Mer_velo20_576x384.jpg" alt="balade a vélo en vendée" loading="lazy">
										</a>
									</div>

									<div class="w-100"></div>
									
											
				
				<div class="sev-diaporama-portfolio-item col-12 col-sm  col-shrink">
										<a href="https://villa-landreau.fr/wp-content/uploads/2022/11/La_Faute_sur_Mer_velo66_792x528.jpg" data-lightbox="sevgallery-1495674635" style="background-image: url(https://villa-landreau.fr/wp-content/uploads/2022/11/La_Faute_sur_Mer_velo66_792x528.jpg)">
											<img decoding="async" src="https://villa-landreau.fr/wp-content/uploads/2022/11/La_Faute_sur_Mer_velo66_792x528.jpg" alt="balade sur les pistes cyclables de Vendée" loading="lazy">
										</a>
									</div>

				
											
				
				<div class="sev-diaporama-portfolio-item col-12 col-sm ">
										<a href="https://villa-landreau.fr/wp-content/uploads/2022/11/randonneemaraisIledOlonne3_792x528.jpg" data-lightbox="sevgallery-1495674635" style="background-image: url(https://villa-landreau.fr/wp-content/uploads/2022/11/randonneemaraisIledOlonne3_792x528.jpg)">
											<img decoding="async" src="https://villa-landreau.fr/wp-content/uploads/2022/11/randonneemaraisIledOlonne3_792x528.jpg" alt="randonnée au bord de l&#039;océan" loading="lazy">
										</a>
									</div>

				
											
				
				<div class="sev-diaporama-portfolio-item col-12 col-sm  col-shrink">
										<a href="https://villa-landreau.fr/wp-content/uploads/2022/11/la_faute_sur_mer_promenade-2_792x528.jpg" data-lightbox="sevgallery-1495674635" style="background-image: url(https://villa-landreau.fr/wp-content/uploads/2022/11/la_faute_sur_mer_promenade-2_792x528.jpg)">
											<img decoding="async" src="https://villa-landreau.fr/wp-content/uploads/2022/11/la_faute_sur_mer_promenade-2_792x528.jpg" alt="randonnée au bord de l&#039;océan près du camping" loading="lazy">
										</a>
									</div>

									<div class="w-100"></div>
									
														</div>
			</div>
			</div>

<p>CYCLING AND WALKING PATHS The hundreds of kilometers of bicycle paths in the Vendée are a real invitation to travel. It is necessary to know that the Vendée has welcomed 6 great departures of the Tour de France since the creation of this last one, it is to say to you with which point the [&hellip;]</p>

Cycling and hiking trails near the campsite in Vendée
